Calculate the remainder when 89797 is divided by 8.
5
What is the remainder when 41127 is divided by 1082?
11
Calculate the remainder when 5373 is divided by 64.
61
Calculate the remainder when 26665 is divided by 290.
275
What is the remainder when 338291 is divided by 14?
9
What is the remainder when 1258 is divided by 1255?
3
What is the remainder when 1151 is divided by 336?
143
What is the remainder when 4285 is divided by 337?
241
What is the remainder when 135659 is divided by 45208?
35
Calculate the remainder when 107993 is divided by 288.
281
What is the remainder when 316805 is divided by 314?
293
What is the remainder when 62544 is divided by 76?
72
Calculate the remainder when 1742 is divided by 438.
428
Calculate the remainder when 1267 is divided by 89.
21
What is the remainder when 611045 is divided by 156?
149
What is the remainder when 2178 is divided by 367?
343
Calculate the remainder when 8907 is divided by 16.
11
What is the remainder when 22454 is divided by 308?
278
Calculate the remainder when 5313 is divided by 197.
191
Calculate the remainder when 3759 is divided by 3753.
6
Calculate the remainder when 1278517 is divided by 311.
307
What is the remainder when 859674 is divided by 137?
136
Calculate the remainder when 8522 is divided by 57.
29
Calculate the remainder when 78117 is divided by 270.
87
Calculate the remainder when 6784 is divided by 2888.
1008
Calculate the remainder when 1337579 is divided by 30.
29
Calculate the remainder when 27732 is divided by 9223.
63
What is the remainder when 12864 is divided by 378?
12
Calculate the remainder when 62308 is divided by 335.
333
Calculate the remainder when 3384 is divided by 420.
24
Calculate the remainder when 41037 is divided by 13647.
96
What is the remainder when 94774 is divided by 252?
22
Calculate the remainder when 12778 is divided by 13.
12
What is the remainder when 11384 is divided by 83?
13
What is the remainder when 16757 is divided by 5584?
5
What is the remainder when 1275 is divided by 979?
296
Calculate the remainder when 30613 is divided by 1395.
1318
Calculate the remainder when 2753 is divided by 105.
23
What is the remainder when 29847 is divided by 24?
15
Calculate the remainder when 3567 is divided by 1624.
319
Calculate the remainder when 1070 is divided by 102.
50
What is the remainder when 4583 is divided by 14?
5
What is the remainder when 26825 is divided by 7?
1
What is the remainder when 2123 is divided by 90?
53
What is the remainder when 3504 is divided by 1168?
0
What is the remainder when 3175 is divided by 142?
51
What is the remainder when 12538 is divided by 380?
378
What is the remainder when 1072 is divided by 816?
256
What is the remainder when 976681 is divided by 31?
26
Calculate the remainder when 516293 is divided by 13.
11
What is the remainder when 128977 is divided by 597?
25
Calculate the remainder when 13581 is divided by 115.
11
Calculate the remainder when 152547 is divided by 4358.
17
Calculate the remainder when 7047 is divided by 707.
684
What is the remainder when 271735 is divided by 33961?
47
What is the remainder when 10263 is divided by 174?
171
What is the remainder when 18923 is divided by 728?
723
What is the remainder when 17760 is divided by 17?
12
Calculate the remainder when 10700 is divided by 1526.
18
Calculate the remainder when 2760980 is divided by 53.
51
Calculate the remainder when 772 is divided by 164.
116
What is the remainder when 2404 is divided by 775?
79
Calculate the remainder when 3759743 is divided by 96.
95
What is the remainder when 9335 is divided by 57?
44
What is the remainder when 57286 is divided by 31?
29
Calculate the remainder when 4001 is divided by 1981.
39
Calculate the remainder when 3005 is divided by 599.
10
What is the remainder when 47566 is divided by 47543?
23
Calculate the remainder when 145711 is divided by 494.
475
What is the remainder when 3311 is divided by 254?
9
Calculate the remainder when 5999 is divided by 54.
5
What is the remainder when 2764941 is divided by 117?
114
What is the remainder when 1927 is divided by 1926?
1
What is the remainder when 6499 is divided by 6476?
23
Calculate the remainder when 686130 is divided by 1737.
15
What is the remainder when 66653 is divided by 220?
213
Calculate the remainder when 22156 is divided by 213.
4
What is the remainder when 254193 is divided by 853?
852
Calculate the remainder when 83235 is divided by 329.
327
What is the remainder when 16988 is divided by 10?
8
Calculate the remainder when 402064 is divided by 18.
16
What is the remainder when 38627 is divided by 513?
152
What is the remainder when 219203 is divided by 83?
0
What is the remainder when 21530 is divided by 650?
80
Calculate the remainder when 513310 is divided by 409.
15
What is the remainder when 7779 is divided by 438?
333
What is the remainder when 189495 is divided by 758?
753
What is the remainder when 7008 is divided by 308?
232
What is the remainder when 235636 is divided by 13?
11
What is the remainder when 1560 is divided by 251?
54
Calculate the remainder when 174869 is divided by 741.
734
What is the remainder when 40179 is divided by 98?
97
Calculate the remainder when 40416 is divided by 82.
72
Calculate the remainder when 141739 is divided by 121.
48
What is the remainder when 7002 is divided by 91?
86
Calculate the remainder when 58692 is divided by 425.
42
Calculate the remainder when 54575 is divided by 2183.
0
What is the remainder when 50771 is divided by 126?
119
What is the remainder when 18361 is divided by 145?
91
Calculate the remainder when 32271 is divided by 2571.
1419
What is the remainder when 258163 is divided by 277?
276
Calculate the remainder when 5003 is divided by 91.
89
Calculate the remainder when 75895 is divided by 66.
61
Calculate the remainder when 36568 is divided by 136.
120
Calculate the remainder when 912 is divided by 11.
10
What is the remainder when 172533 is divided by 93?
18
Calculate the remainder when 63335 is divided by 391.
384
What is the remainder when 456567 is divided by 190?
187
What is the remainder when 14731 is divided by 421?
417
What is the remainder when 640023 is divided by 88?
87
What is the remainder when 40146 is divided by 141?
102
What is the remainder when 982149 is divided by 130?
129
Calculate the remainder when 16295 is divided by 136.
111
What is the remainder when 8565 is divided by 1424?
21
Calculate the remainder when 63528 is divided by 418.
410
Calculate the remainder when 3369 is divided by 3337.
32
What is the remainder when 910 is divided by 174?
40
What is the remainder when 1804 is divided by 345?
79
What is the remainder when 71262 is divided by 55?
37
What is the remainder when 7755 is divided by 1087?
146
What is the remainder when 3965 is divided by 110?
5
What is the remainder when 5605 is divided by 58?
37
What is the remainder when 357533 is divided by 12?
5
What is the remainder when 31368 is divided by 116?
48
Calculate the remainder when 22803 is divided by 341.
297
What is the remainder when 1991 is divided by 1969?
22
What is the remainder when 96629 is divided by 38?
33
What is the remainder when 393804 is divided by 85?
84
What is the remainder when 4294 is divided by 52?
30
Calculate the remainder when 3842 is divided by 736.
162
What is the remainder when 56561 is divided by 174?
11
What is the remainder when 788 is divided by 107?
39
What is the remainder when 546554 is divided by 249?
248
Calculate the remainder when 73886 is divided by 11.
10
What is the remainder when 4224 is divided by 83?
74
Calculate the remainder when 684980 is divided by 43.
33
Calculate the remainder when 1788 is divided by 155.
83
What is the remainder when 572360 is divided by 45?
5
Calculate the remainder when 14168 is divided by 392.
56
What is the remainder when 14763 is divided by 211?
204
Calculate the remainder when 18122 is divided by 244.
66
Calculate the remainder when 120230 is divided by 73.
72
Calculate the remainder when 9000 is divided by 2827.
519
Calculate the remainder when 5691 is divided by 941.
45
Calculate the remainder when 40368 is divided by 374.
350
What is the remainder when 7542 is divided by 14?
10
Calculate the remainder when 582